*s - x. What is b(m)?
1
Let r(u) = u**2 + u + 1. Let y(j) = j**2 + 10*j - 5. Let l(v) = -2*r(v) + y(v). Let o(d) = -47*d**2 - 99*d - 2. Let h be o(-2). What is l(h)?
-7
Let b(j) = -j**3 + 3*j**2 - 26*j + 22. Let o(v) = 2*v**3 - 7*v**2 + 48*v - 43. Let k(f) = -19*b(f) - 10*o(f). Calculate k(14).
12
Let t(q) = -8*q - 1 - 4 + q**3 + 0*q**3 + 9*q**2 + 1 - q**2. Give t(-9).
-13
Suppose 7 = 30*r + 37. Let m be r/2*(84 - 72). Let z(n) = n**2 + 7*n + 7. Calculate z(m).
1
Suppose 8*n + 5*n + 9*n = -88. Let k(x) = -x**3 - 3*x**2 - 8*x - 5. Give k(n).
43
Let t(s) = s**2 + 6*s - 4. Let v = 14 + -22. Let l(q) = -2*q**2 - 23*q - 2. Let n be l(v). Let o = 48 - n. Determine t(o).
-4
Suppose b - 4 = 0, 0 = -3*r + 4*b + 480 - 412. Let u(a) = -4*a + 107. Calculate u(r).
-5
Let r = 96588 + -96594. Let p(i) = -5*i**3 + i + 3*i + 4*i**3 - 5*i**2 + 7. Calculate p(r).
19
Let s(a) = a**3 - 3*a**2 - a + 1. Suppose -35 = -u - 38. Let r(m) = -m**2 - 7*m - 9. Let c be r(u). Suppose -f + 12 = c*f. Give s(f).
-2
Suppose u - 5*w - 9 = 0, 8*w + 88 = -3*u - 0*w. Let q(g) = -4*g - 20. Calculate q(u).
44
Let m(i) = -19*i + 391. Let p(s) = s**2 + 25*s - 3015. Let b be p(-69). Calculate m(b).
-8
Let o(s) = s + 5. Let x be o(0). Suppose -2*b - b + 22 = x*g, 5*b + 4*g = 15. Let j(m) be the first derivative of 4*m**2 - 2915. Give j(b).
-8
Let l be -166 + 18/(-3) - 6. Let j = l + 177. Let w(x) = 3*x**2 + 3*x. Let s(p) = -3*p**2 - 4*p. Let t(h) = -2*s(h) - 3*w(h). What is t(j)?
-2
Let q be 2/(-6) + 57/9. Suppose 3*h = -q + 3. Let p(u) be the first derivative of u**2/2 + 2*u - 115. What is p(h)?
1
Let b(y) be the third derivative of -y**5/12 + 19*y**4/24 - 7*y**3/6 - 408*y**2. Calculate b(3).
5
Let g(q) = 4*q + 1. Suppose 11054 = 48*l - 15202. Suppose 24 = l*s - 544*s. Give g(s).
33
Let q(a) be the first derivative of -1/4*a**4 - 9*a - 2*a**3 + 3*a**2 - 1. Let w(g) = 2*g**3 - 60*g**2 + 63*g - 152. Let t be w(29). Give q(t).
-2
Let p be 2/(-14) + (-4)/(-28). Suppose 2*u = 5*u + 15. Let t(n) = 6*n. Let l(x) = 5*x - 1. Let j(v) = u*l(v) + 4*t(v). Give j(p).
5
Let g(q) = 315*q**2 - 9*q + 3. Let j(u) = -263*u**2 + 9*u - 2. Let f(z) = -5*g(z) - 6*j(z). Give f(3).
-3
Suppose 2*x = -38*w + 37*w + 24, w + 12 = 2*x. Let m(q) = 7*q - 75. Determine m(x).
-12
Suppose 25*s = 85*s - 720. Suppose 3*k = 5*w - 80, 33 = 2*w - 3*k + 2*k. Let p(v) = s*v - w*v + 4*v. Give p(4).
-12
Let b be (-4)/((-8 - -3)/5). Let a(p) = -3*p - 5 - p**3 + 1 + 0 + 6 + 63*p**2 - 58*p**2. Give a(b).
6
Let x(t) be the first derivative of -t**4/4 - 7*t**3/3 - 3*t**2 - t + 59598. Let k be (2/(-4))/(1/12). What is x(k)?
-1
Suppose -17*r + 84 = -103. Let n(b) = -b**2 + 7*b + 27. Calculate n(r).
-17
Let z(t) = -7*t**2 - 2. Let n = -1169 - -1164. Let y = -8 + 11. Let a(m) = -4*m**2 - 1. Let b(d) = n*a(d) + y*z(d). Calculate b(-3).
-10
Let h(i) = -1565 + 446*i + 1572 - i**2 - 443*i. Let d = 4 - -1. Determine h(d).
-3
Let g(l) be the first derivative of -212 + 7*l + 1/2*l**2. Calculate g(-7).
0
Let p(a) = 110 - 31 + 4*a**2 - 33 - 25 - 21. Let x = -2 - -4. Suppose 3 + x = 5*b. What is p(b)?
4
Let q(b) be the first derivative of b**2/2 + 3*b + 1. Suppose 3*x - 3*m + 15 = 0, -x + 882*m + 19 = 877*m. What is q(x)?
-8
Let j(f) = 130 - 4*f**2 + 129 - 380 + 5*f + 126 + 3*f**2. Calculate j(6).
-1
Let h(u) = -217199*u**2 - 237*u + 72421*u**2 + 72412*u**2 + 72392*u**2 + 1. Determine h(9).
-26
Let l(k) = 4*k**2 - 2. Suppose -22*w = -37*w - 391*w - 812. Determine l(w).
14
Let u(p) = -2*p**2 + 3*p. Suppose 5*w = 3*x + 76 - 7, -w - 2*x + 6 = 0. Suppose 10*n - 13*n + w = 0. Determine u(n).
-20
Let w(k) = -k**2 - k + 11. Let v = -51 + 107. Let l be (-2)/(-8) - 14/v. Calculate w(l).
11
Let w(y) be the third derivative of -y**4/12 - 11*y**3/3 - 18*y**2. Let p be w(-11). Let z(d) = 3 + p + 7*d - 6*d + 0. Give z(6).
9
Let r(f) = -3*f**3 - 16*f**2 + 13*f + 19. Let h(w) = 1 + 8*w**2 + 14*w - 8*w - 12*w + w**3 - 11. Let z(y) = -5*h(y) - 2*r(y). What is z(7)?
-9
Let o = 62 - 61. Let z(i) = 5*i + o + 3*i - i**2 - i**2. Suppose 353*d = 349*d + 24. Calculate z(d).
-23
Let t(l) = -5*l**3 + 2*l + 1. Let s(r) be the second derivative of -r**3/6 - 3*r**2 - 3*r. Let b = -33 - -28. Let w be s(b). Give t(w).
4
Let y be (2/150)/((-66)/(-165)). Let v(b) be the third derivative of -1/24*b**4 - y*b**5 - 12*b**2 - 1/2*b**3 + 1/120*b**6 + 0 + 0*b. Give v(3).
3
Suppose -z - 19 = 5*a, -5*z - 11 = 2*a + 15. Let p(y) = y**3 + y**2 - 16*y - 5. Give p(z).
11
Let d(g) be the first derivative of -2*g + 36 + 5/2*g**2. What is d(1)?
3
Let t(g) = g**2 - 7. Let f(h) = -2*h**2 - 21*h - 10. Let y be f(-8). Let d be 342/(-4)*(-20)/y. Let j = -57 + d. Give t(j).
-7
Let l(m) = 8*m - 16*m - 1502 - 22*m + 1477. Determine l(-1).
5
Let y(g) = -2*g**2 + 6*g + 15. Suppose -o = 15*u - 14*u - 12, -6 = 5*o - 6*u. Give y(o).
-21
Suppose 2*m = 4*y - 12, -5*m = 25*y - 24*y - 3. Let d(a) be the third derivative of -3/20*a**5 + 1/120*a**6 - 15*a**2 + 3/8*a**4 - a**y + 0 + 0*a. What is d(8)?
2
Suppose 2*q = -c + 5, 2*c + 17 = q + 22. Let i(m) = -103*m**2 + m. Determine i(q).
-102
Let x(z) be the third derivative of 19*z**4/24 - 8*z**3/3 + 13*z**2 + 74*z. Determine x(6).
98
Let q(a) = -4*a**3 + 2*a**2 + a - 2. Suppose -p - 7*p - p - 9 = 0. Determine q(p).
3
Let u = -12600 + 12603. Let f(d) = -2*d**3 + 5*d**2 - 6*d + 24. Determine f(u).
-3
Let f(i) be the first derivative of i**2/2 + 2*i + 12. Suppose 2*d - 4*u - 7 = -u, -3*d + 3*u + 9 = 0. Suppose d*o = -2*o - 20. Calculate f(o).
-3
Suppose 5*o = 9*z - 79 + 58, 0 = -2*o - 4*z - 16. Let d(y) = y + 34. Calculate d(o).
28
Suppose -4*g - 6 = -2*g + 2*u, 30 = -4*g + 2*u. Let x(n) = -68 + 66 + 10*n + 4*n**2 - 3*n**2. What is x(g)?
-26
Let z(g) = -99 - g + 93 - 9. Calculate z(-16).
1
Let d(m) = 5 - 1 + m - 3. Let h be ((-66)/(-10))/((-11)/(-55)). Let o = -35 + h. What is d(o)?
-1
Let t(n) = 3*n**3 + 11*n**2 - 27. Let v(i) = -2*i**3 - 7*i**2 + 25. Let f(k) = 3*t(k) + 4*v(k). Give f(-6).
-17
Let l(v) be the first derivative of -v**4/4 + 6*v**3 + 19*v**2/2 + 2*v + 70. Let q be l(19). Let o(s) = 0*s - s - 2 - s. Calculate o(q).
-6
Suppose -11*r + 25 = -52. Let b(o) = -6*o**2 - 11 - o**3 - r*o**2 + 3. Let h be b(-13). Let d(x) = 2*x + 2. Give d(h).
-14
Let l(i) = 3*i**2 - 4*i + 4. Suppose -3*g = -8*h + 3*h - 22, 4*g - 36 = 5*h. Let p = -11 + g. Determine l(p).
19
Suppose -2*c + 4*c - 28 = 0. Let i be 22/c - 12/(-28). Let k(n) = -5*n**2 - 7*n + 6*n**i + 2*n - 2 + 0*n. Determine k(5).
-2
Let v(y) be the first derivative of -8*y**3/3 + 5*y**2/2 - 11*y + 1580. Determine v(2).
-33
Let a(u) = 5*u + 1. Let g(d) = d**3 - 2*d**2 - 23*d + 9. Let b(h) = 2*h**3 - 4*h**2 - 47*h + 19. Let l(x) = -4*b(x) + 7*g(x). Let r be l(6). Determine a(r).
26
Let t(r) = -r + 1. Suppose -b + 12 = 3*b. Suppose -4*i = 4*u - 20, 6 = -3*u + b*i - 3. Let l(s) = -1. Let x(p) = u*t(p) - 5*l(p). What is x(7)?
-1
Suppose 24*k - 30320 = -1688. Let s(v) = -4*v**2 + 2374 + v**3 - 5*v - 1183 - k. Determine s(5).
-2
Let l(d) = 11*d - 23. Let n be l(2). Let c(i) = -14*i**3 + 2*i**2 - i - 3. Let r(x) = 71*x**3 - 11*x**2 + 5*x + 16. Let v(w) = 11*c(w) + 2*r(w). What is v(n)?
12
Let l(u) be the first derivative of 31*u**3/3 - 249*u**2/2 + 6*u + 1953. Calculate l(8).
-2
Let p(d) = -6 - d + 16*d + 7. Let u = -6477 - -6479. Calculate p(u).
31
Let i(t) be the third derivative of -t**4/3 + 8*t**3/3 - t**2 - 6274*t. Give i(11).
-72
Let y = -8 - -6. Let z(n) = 5*n + 5 + 3*n - 4065*n**2 - 4*n + 4067*n**2. Determine z(y).
5
Let s(i) = -18*i**2 - 3*i + 1. Suppose 3*p - 21 = -13*o + 10*o, -1 = -o + 2*p. Let t(z) = 21*z**2 + 4*z - 1. Let m(l) = o*s(l) + 4*t(l). Calculate m(-1).
-6
Let l be (4 + (-9)/3)*7. Let t(y) = 12 + 5*y + 19 - l*y + 0*y + 9. Determine t(19).
2
Let f(z) be the third derivative of -z**7/1260 - z**6/720 + z**5/30 + 109*z**4/24 - 121*z**2. Let d(l) be the second derivative of f(l). Give d(2).
-6
Let v(l) be the first derivative of -l**4/4 - 7*l**3/3 + l**2 + 9*l + 2. Let i = 33571 + -33578. Determine v(i).
-5
Suppose 0 = -3*b + 118 - 115. Let h(j) = -6*j + 11. Let g(f) = f - 1. Let i(v) = b*h(v) + 5*g(v). What is i(5)?
1
Let q(r) be the third derivative of r**4/12 - 23*r**2. Let h = -1110 + 1108. Give q(h).
-4
Suppose 2*x - 6*x - q = -47, -2*q - 75 = -5*x. Let k be ((-2 - x) + 0)*312/(-520). Let s(z) = z